
-5
Suppose 0*i + i + 7 = 3*d, -3 = -d + i. Let w(f) = -3*f - 2*f + d*f + 2*f. Let n(g) = -2*g - 3. Let k(q) = n(q) - 3*w(q). Determine k(-3).
-6
Let m(i) = -7*i - 5. Let l(n) = 4*n + 3. Let a(x) = -5*l(x) - 3*m(x). Let h = -20 + 24. Suppose 0 = h*b + 20 - 8. Give a(b).
-3
Let f(m) = -m + 9. Suppose -5 = -5*q - 5*p - 0*p, p + 4 = 0. Give f(q).
4
Let z(c) = 2*c + 3*c - 4*c. Let n be z(0). Let b(y) = y - 2. What is b(n)?
-2
Let x(u) = 3*u**2 + 3*u + 5. Let d(w) = 2*w**2 + 2*w + 4. Let l(i) = 4*d(i) - 3*x(i). Determine l(-1).
1
Let j be 2/(-3 + 1)*-2. Suppose 3*u - j*n + 9 = 3*n, -3 = -3*u + n. Let x(y) = 0 + y - u + 0. Determine x(-2).
-4
Let r(w) = -1 + 8*w - 1 - 7*w + 0. What is r(-2)?
-4
Suppose -6*f + 2*f + 5*r = 31, r = 5*f + 23. Suppose 6*g - 2*g - 24 = 0. Let w(v) = 2 - 5 + g - 2*v - v - v**2. Give w(f).
-1
Let o(w) = -w**3 - w**2 + w. Let v(r) = -3*r**3 + 3*r**2 - 3*r + 1. Let z(k) = -2*o(k) - v(k). Let s = 6 + -4. Suppose s*q - 4 = -2*q. Give z(q).
4
Let v(t) = t - 10. Let z = 138 + -131. Calculate v(z).
-3
Let a(x) = 130 - 128 - 5*x - 4*x + x. Calculate a(2).
-14
Let h(x) = -x**2 - 7*x - 7. Let f be h(-8). Let r be 4/10 + (-24)/f. Let t(i) = i - 1 - 3*i + 0*i**2 + i**r + 2. Calculate t(-2).
9
Let n(q) = -7*q**3 + 2*q**2 + 2*q + 1. Let t(i) = -4*i**3 + i**2 + i + 1. Let u be t(-1). Suppose -u*s - 5 = 0, 5*y + 3*s + 4 = 4*y. Determine n(y).
8
Suppose 3*d + 2*q + 1 + 2 = 0, 27 = -4*d + 5*q. Let z(g) = -5*g - 4. Give z(d).
11
Let m be 105/75 - 4/10. Suppose 4*b - 15 = m. Let w(t) = 2 + 3*t - 4*t + t**2 - 7. Give w(b).
7
Let g = 2 + -4. Let r be -2 - ((g - -2) + -3). Let x(a) = -8*a**3 + 7*a**2 - a. Let y(s) = 7*s**3 - 6*s**2 + s. Let w(o) = 4*x(o) + 5*y(o). What is w(r)?
2
Let a be 0 - 4/(4/3). Let k be (-3)/(-4) - a/12. Let m(p) = -4*p**3 - p**2 + p - 1. Give m(k).
-5
Suppose -h = v, -2*v + 4*h + 2 = -10. Let y(f) be the first derivative of f**3/3 - f + 12. Give y(v).
3
Let v(q) be the first derivative of q**3/3 - 4*q - 2. Let s(w) = -2*w**2 + 3. Let a(i) = -2*s(i) - 3*v(i). Calculate a(0).
6
Suppose -5*i + i + 8 = 0. Let t(z) = z**i + 2*z**3 + 9 - z**3 - 3 - 4*z + 3*z. Determine t(0).
6
Let n = 20 - 0. Suppose p - n = -7*g + 2*g, 5*p = -4*g - 5. Suppose g*r = -1 - 4. Let a(c) = 11*c + 1. Give a(r).
-10
Let k(r) be the first derivative of -r**4 + 8*r**3/3 + 9*r**2/2 + 7*r + 4. Let u(b) = -5*b**3 + 9*b**2 + 10*b + 8. Let y(j) = 6*k(j) - 5*u(j). Calculate y(-3).
-10
Let b(l) = l**2 + 3*l - 2. Suppose -4 = -y - 8. Determine b(y).
2
Let i(r) = 2*r**3 - 3*r**2 + 2*r - 3. Suppose z + 2*w - 6 = -0*w, -5*w + 12 = z. Calculate i(z).
5
Let u be (2 - 9/3)*-7. Let z(h) = h - 1. Let v be z(u). Let c = v + -3. Let i(a) = -a**2 + 3. Determine i(c).
-6
Let o(r) be the second derivative of -r**6/720 + r**5/60 + r**4/12 - 2*r. Let u(i) be the third derivative of o(i). Let n = -1 - -5. Give u(n).
-2
Let b(i) = 2*i**2 + 3*i - 15. Suppose -l - 30 = 4*l. Let j = l - -8. Let x(u) = u**2 + u - 7. Let d(h) = j*b(h) - 5*x(h). Give d(0).
5
Let z(p) = p**3 - 8*p**2 - p + 5. Suppose -3*j + 5*v - 1 = -0*j, -2*j + 26 = 2*v. Calculate z(j).
-3
Let c = -21 + 26. Let k(t) = t - 2. Let a(u) = -u + 1. Let n(q) = 6*a(q) + 5*k(q). Give n(c).
-9
Let h = 2 - 2. Let f = -1 + h. Let r(o) = -3*o**3 - 3*o**2 + 2*o - 3. Let n(d) = -9*d**3 - 8*d**2 + 5*d - 8. Let i(a) = -3*n(a) + 8*r(a). Determine i(f).
-4
Let n(j) = -6*j + 1. Let m(l) = 5*l - 1. Let a(r) = 5*m(r) + 4*n(r). Let i = 364 + -369. Calculate a(i).
-6
Let d(y) = -3*y**2 - y + 1. Let q = -33 + 47. Let i = 12 - q. Determine d(i).
-9
Let r = 0 + -1. Let i = r - -4. Let c(u) = 2*u - 3. Determine c(i).
3
Let a = 6 - 4. Suppose 1 - 11 = -u. Let o(h) = 6*h - 3 + 2*h**2 - 3*h**a - u*h. What is o(-4)?
-3
Suppose -3*t = t - 40. Suppose 2*d + 4 = -3*l, 2*d = 5*l + 6*d + t. Suppose 0 = 2*i + l*i. Let s(n) = -n**2 + n + 2. Determine s(i).
2
Suppose 4*k - 2*d - 6 = d, -4 = 5*k + 2*d. Suppose -2*f - 2*a = -k*a, f + 3*a - 10 = 0. Let t(n) = n**2 + 3*n - 5. Determine t(f).
5
Let j(k) = k**2 + 4*k. Let n(x) = -4 + 6 - 3*x**3 + x**2 + x - 3. Let g be n(1). Let w = g + -2. Give j(w).
0
Let r(u) = 2*u + 4. Let j(q) = 1. Let s(z) = -3*j(z) + r(z). Let i(l) = l**3 - 6*l**2 + 5*l + 3. Let o be i(5). Let h be (4/(-3) + 2)*o. What is s(h)?
5
Let w(z) = 4*z**3 + 4*z**2 - 2*z + 4. Let y(h) = -3*h**3 - 4*h**2 + 3*h - 4. Let i(q) = -2*w(q) - 3*y(q). Let t(b) = b**2 - 6*b + 3. Let n be t(2). Give i(n).
4
Let s(m) = -10*m**2 + 10. Let f(k) = k**2 - 1. Let y(d) = 22*f(d) + 2*s(d). Let i = 12 + -14. Give y(i).
6
Let v(j) = -j + 3. Suppose 68*u - 75*u + 28 = 0. Determine v(u).
-1
Let b(n) = -n + 10. Suppose 16*d - 15*d - 12 = 0. Calculate b(d).
-2
Let t(d) = -4*d - 12. Let s(l) = -2*l - 5. Let x(p) = -9*s(p) + 4*t(p). Calculate x(7).
11
Let j(u) be the third derivative of u**5/60 + u**4/6 - u**2 + 1. What is j(-3)?
-3
Let s(d) = d**3 + 5*d**2 + 6*d + 6. Let y(n) = n**3 - 9*n**2 - 2*n + 11. Let h be y(9). Let o = h + 10. Let p be (2 + 1)*(-4)/o. Give s(p).
-2
Let y = 10 + -9. Let q(u) = u**2 - u - 1. Determine q(y).
-1
Let z be 4/14 + 25/35. Let n(o) = 0*o**2 + 7*o**2 + o**2 - 2*o**2. Calculate n(z).
6
Let h(j) = j**3 + j + 6. Suppose 0 = 3*v - 5 - 1. Suppose 4*r - 5*r = -v. Suppose -d + 2*d + r*u = -4, -4*d + 2 = -u. What is h(d)?
6
Let v(q) = 4*q**2 + 4*q + 4. Let p be v(-1). Let d(y) = -y**3 + 3*y**2 + 3*y + 3. Give d(p).
-1
Let o = -14 - -21. Suppose -o = 4*f + 5. Let l = 4 + f. Let h(m) = -7*m. Give h(l).
-7
Let t(k) be the second derivative of -k**5/12 - k**4/24 + k**3/6 - 3*k. Let n(v) be the second derivative of t(v). Determine n(-1).
9
Let i(o) be the third derivative of o**4/12 - 2*o**3/3 - 19*o**2. Give i(6).
8
Let j(f) be the third derivative of -f**4/24 + f**3/3 - f**2. Let h be (2 + (-4)/5)/(12/(-40)). Determine j(h).
6
Suppose -5*o = 39 + 1. Let k(j) = j**3 + 8*j**2 + j + 5. Calculate k(o).
-3
Let g = 4 - 2. Let l(z) = -2*z + 2 + g*z + z + 11. What is l(0)?
13
Let i(l) = -l**3 + 3*l**2 + 2*l - 3. Let t = -7 + 6. Let f be 2 - (t - 1 - 0). What is i(f)?
-11
Let f(h) = h**3 - 4*h**2 + h + 4. Let u be (88/(-33))/(4/(-6)). Give f(u).
8
Let h(m) = 0*m - 7*m + 0*m - 1. Suppose 0 = -5*q + 5*u + 15, 3*u + 15 = -3*q - 0*u. What is h(q)?
6
Let v = 11 - 8. Let k(w) = 3*w**2 - 22*w + 2. Let z(d) = -2*d**2 + 15*d - 1. Let h(j) = 5*k(j) + 7*z(j). What is h(v)?
-3
Let a(j) = -2*j**2 + 6*j - 5. Let d(y) = -y**2 - y - 1. Let k(z) = a(z) + 3*d(z). Let x(h) = -4*h**2 + 4*h - 7. Let i(u) = -3*k(u) + 4*x(u). Determine i(6).
2
Let n(t) = -3*t**2 - 4*t - 2. Suppose -2*h + 7*h - 10 = 0. Suppose -4*k - c - 2 = 2*c, 5*c - 14 = h*k. Calculate n(k).
-6
Let m(i) = i**2 + 5*i + 7. Let j(n) = -7*n**2 - 1. Let g be j(1). Let f(a) = a + 10. Let k be f(g). Suppose -t - 3 = k. What is m(t)?
7
Let k be (-42)/((-3)/1) + -2. Let a be (-121)/(-6) + (-2)/k. Suppose 5*v + 0*v = -4*f - a, -3*f - 8 = 2*v. Let n(i) = i + 2. Determine n(f).
2
Let c(z) = -z**3 + 5*z**2 - 6*z + 5. Let a(q) = -q**2 - 10*q - 12. Let p be a(-8). Let j = 8 - p. Determine c(j).
-3
Let d = -14 + 4. Let j be 2/d - 4/(-20). Let v(b) be the first derivative of b**4/4 + b**3/3 - 4*b - 1. Give v(j).
-4
Let t(n) = -n**2 + 9*n - 2. Let q(d) = d**2. Let f be q(-3). What is t(f)?
-2
Let o(b) = 2*b - 20. Let w(f) = 5*f - 39. Let g(j) = -7*o(j) + 3*w(j). Determine g(0).
23
Suppose -4 = -q - q. Let y(o) = q - 5*o + 2*o + 4. Determine y(4).
-6
Let h(o) = 7*o + 1. Suppose 1 - 5 = 4*m. What is h(m)?
-6
Let c(y) be the first derivative of -1 - y - 1/6*y**3 - 7/2*y**2. Let m(p) be the first derivative of c(p). What is m(0)?
-7
Suppose 7 = -q + 3*p - 2*p, 2*p = -4*q - 4. Let c(a) be the third derivative of -a**4/12 - 2*a**3/3 + a**2. Give c(q).
2
Let p(r) = r - 9. Let v(x) = 2*x**2 - 4*x**2 + x**2 - 7*x - 2. Let m(k) = -k**3 + 2*k - 2. Let n be m(2). Let d be v(n). Calculate p(d).
-5
Let n(q) be the third derivative of q**6/120 - 2*q**5/15 + 5*q**4/24 + 14*q**2. Give n(7).
-14
Let d(x) = -x - 1. Let z(i) = i**2 - i + 3. Let k be z(2). Give d(k).
-6
Let s(x) = 6*x**2 + x. Let r be (-1 + -3)/4*-1. Suppose -1 - r = 2*u. Give s(u).
5
Let b = -35 + 30. Let x(o) = o + 3. Give x(b).
-2
Let w be (2/3)/(2/(-3)). Suppose 0 = -0*v - 3*v + 12. Let t(a) = 6*a - 3*a - v*a - 2*a**2. Give t(w).
-1
Let z(g) = -8 + 9 + 1 - 2*g. Give z(-7).
16
